the prime factors of 1852801862.
2, 31, 37, 83, 263
What are the prime factors of 967865464?
2, 2029, 59627
What are the prime factors of 75230136?
2, 3, 139, 7517
What are the prime factors of 624258550?
2, 5, 1499, 8329
List the prime factors of 1461018578.
2, 233, 1129, 2777
List the prime factors of 1454775304.
2, 181846913
List the prime factors of 122002194.
2, 3, 20333699
What are the prime factors of 389015835?
3, 5, 13, 1994953
List the prime factors of 6101852.
2, 1069, 1427
List the prime factors of 36911056.
2, 7, 13, 101, 251
List the prime factors of 53829076.
2, 7, 71, 27077
List the prime factors of 29409908.
2, 11, 668407
List the prime factors of 51536228.
2, 12884057
What are the prime factors of 62064404?
2, 311, 49891
List the prime factors of 4243503.
3, 11, 128591
What are the prime factors of 100868560?
2, 5, 13, 96989
What are the prime factors of 418638382?
2, 251, 641, 1301
List the prime factors of 45924685.
5, 1601, 5737
What are the prime factors of 910955572?
2, 23, 9901691
What are the prime factors of 596267293?
596267293
List the prime factors of 31233623.
109, 286547
What are the prime factors of 35932822?
2, 17966411
List the prime factors of 17787228.
2, 3, 379, 3911
List the prime factors of 1117300106.
2, 13, 457, 94033
What are the prime factors of 344393731?
11, 107, 227, 1289
What are the prime factors of 4359277?
13, 97, 3457
List the prime factors of 496618981.
617, 804893
List the prime factors of 39761614.
2, 19880807
What are the prime factors of 330158183?
330158183
List the prime factors of 3021211559.
17, 47, 257, 14713
List the prime factors of 1915871078.
2, 11, 3739, 23291
What are the prime factors of 116266012?
2, 23, 1263761
List the prime factors of 25845358.
2, 7, 11, 19, 73
List the prime factors of 68900145.
3, 5, 1487, 3089
List the prime factors of 66159900.
2, 3, 5, 19, 53, 73
What are the prime factors of 55300892?
2, 61, 226643
What are the prime factors of 64725869?
13, 97, 51329
What are the prime factors of 291196996?
2, 7573, 9613
List the prime factors of 5536232.
2, 13, 53233
List the prime factors of 1730716345.
5, 1069, 323801
What are the prime factors of 356560537?
7177, 49681
List the prime factors of 982313946.
2, 3, 19, 23, 41627
What are the prime factors of 52312563?
3, 61, 95287
What are the prime factors of 492259702?
2, 11, 16811
List the prime factors of 92663763.
3, 101, 305821
List the prime factors of 349478542.
2, 7, 37, 674669
What are the prime factors of 2140143955?
5, 428028791
What are the prime factors of 289925717?
289925717
What are the prime factors of 2789129405?
5, 12841, 43441
What are the prime factors of 17916999?
3, 2203, 2711
List the prime factors of 146864725.
5, 7, 839227
List the prime factors of 257863590.
2, 3, 5, 103, 27817
What are the prime factors of 340849193?
5279, 64567
List the prime factors of 304248449.
167, 1821847
What are the prime factors of 797612843?
12697, 62819
List the prime factors of 1907873423.
1907873423
What are the prime factors of 91059482?
2, 2017, 22573
What are the prime factors of 2456876493?
3, 179, 1525063
List the prime factors of 451402456.
2, 19, 41, 113, 641
What are the prime factors of 2515024976?
2, 23, 37, 184711
List the prime factors of 6613872162.
2, 3, 443, 2488289
What are the prime factors of 15557836?
2, 7, 555637
What are the prime factors of 37290424?
2, 4661303
List the prime factors of 20371899.
3, 17, 23497
What are the prime factors of 167866416?
2, 3, 1165739
List the prime factors of 78316168.
2, 7, 31, 197, 229
List the prime factors of 2829444322.
2, 677, 2089693
List the prime factors of 283776134.
2, 19, 7467793
What are the prime factors of 173684846?
2, 86842423
List the prime factors of 109357627.
109357627
List the prime factors of 175552195.
5, 7, 13, 353, 1093
List the prime factors of 5394195350.
2, 5, 4127, 26141
What are the prime factors of 514717055?
5, 102943411
What are the prime factors of 1685794983?
3, 79, 337, 21107
List the prime factors of 117408354.
2, 3, 7, 2795437
List the prime factors of 208598440.
2, 5, 5214961
List the prime factors of 199298648.
2, 24912331
What are the prime factors of 1087856374?
2, 11, 107, 462131
List the prime factors of 25438691.
25438691
What are the prime factors of 1890752452?
2, 472688113
List the prime factors of 174433851.
3, 19, 340027
What are the prime factors of 35067067?
7, 5009581
What are the prime factors of 367483229?
3583, 102563
List the prime factors of 290263846.
2, 41, 43, 191, 431
What are the prime factors of 3147206?
2, 1573603
What are the prime factors of 22162019?
11, 2014729
What are the prime factors of 334793266?
2, 167396633
List the prime factors of 35486771.
41, 97, 8923
What are the prime factors of 20647594?
2, 11, 29, 32363
What are the prime factors of 110761994?
2, 7, 7911571
What are the prime factors of 340657210?
2, 5, 97, 149, 2357
What are the prime factors of 6208665?
3, 5, 413911
List the prime factors of 810594343.
13, 62353411
List the prime factors of 548318689.
23, 29, 822067
List the prime factors of 387038255.
5, 31, 2497021
List the prime factors of 28396930.
2, 5, 31, 47, 1949
What are the prime factors of 71462525?
5, 29, 241, 409
What are the prime factors of 69864543?
3, 7, 17, 9319
List the prime factors of 482445928.
2, 157, 384113
List the prime factors of 128880748.
2, 32220187
List the prime factors of 3660212764.
2, 13, 179, 461, 853
List the prime factors of 28650858.
2, 3, 4775143
What are the prime factors of 1011747068?
2, 367, 689201
List the prime factors of 1221712245.
3, 5, 13, 197, 10601
List the prime factors of 105836437.
7, 277, 54583
List the prime factors of 301569100.
2, 5, 7, 23, 18731
List the prime factors of 441270101.
441270101
What are the prime factors of 428645575?
5, 1987, 8629
List the prime factors of 721498974.
2, 3, 7, 47, 317, 1153
What are the prime factors of 116980146?
2, 3, 433, 5003
List the prime factors of 737620083.
3, 383, 213989
What are the prime factors of 1136421321?
3, 7, 17, 359, 8867
List the prime factors of 2302014489.
3, 17, 45137539
What are the prime factors of 61803954?
2, 3, 3433553
What are the prime factors of 6534761614?
2, 17, 7949, 24179
What are the prime factors of 297011081?
1471, 201911
List the prime factors of 1917642703.
13913, 137831
List the prime factors of 192282426.
2, 3, 7, 193, 7907
What are the prime factors of 3088207447?
13, 23, 10328453
What are the prime factors of 56134829?
56134829
List the prime factors of 223159287.
3, 13, 499, 11467
List the prime factors of 189764635.
5, 131, 289717
List the prime factors of 776138489.
7, 15839561
List the prime factors of 199024116.
2, 3, 53, 312931
List the prime factors of 1676190055.
5, 17, 929, 21227
What are the prime factors of 222398257?
222398257
List the prime factors of 3576824.
2, 131, 3413
What are the prime factors of 55193384?
2, 1217, 5669
What are the prime factors of 813246860?
2, 5, 40662343
What are the prime factors of 39434666?
2, 31, 636043
What are the prime factors of 70252742?
2, 7, 2129, 2357
List the prime factors of 491530169.
13, 197, 191929
List the prime factors of 249528685.
5, 7, 179, 39829
What are the prime factors of 189303808?
2, 223, 829
What are the prime factors of 29908997?
2687, 11131
What are the prime factors of 4180537409?
359, 11644951
What are the prime factors of 35754358?
2, 37, 483167
What are the prime factors of 119820225?
3, 5, 7, 23, 9923
What are the prime factors of 49382288?
2, 23, 134191
What are the prime factors of 142484188?
2, 7, 11, 37, 12503
List the prime factors of 54391831.
13, 47, 89021
What are the prime factors of 182638849?
19, 113, 257, 331
List the prime factors of 664796286.
2, 3, 7, 11, 227, 2113
List the prime factors of 16421057.
23, 59, 12101
What are the prime factors of 343705082?
2, 7, 17, 821, 1759
What are the prime factors of 1798841969?
1798841969
List the prime factors of 303960622.
2, 7, 103, 30113
What are the prime factors of 1071079?
883, 1213
What are the prime factors of 564628060?
2, 5, 28231403
List the prime factors of 6397021.
103, 173, 359
What are the prime factors of 63805500?
2, 3, 5, 11, 1289
List the prime factors of 10199147.
7, 1457021
What are th